Nov 30 20:31:37.607 INFO testing wvdschel/pause_process against master#8940af3cea4a9a9deabcaf843b2f8cad9a83fc61 for beta-1.31-5
Nov 30 20:31:37.607 INFO running `"docker" "create" "-v" "/mnt/big/crater/work/local/target-dirs/beta-1.31-5/worker-0/master#8940af3cea4a9a9deabcaf843b2f8cad9a83fc61:/target:rw,Z" "-v" "/mnt/big/crater/work/local/test-source/worker-0/beta-1.31-5/master#8940af3cea4a9a9deabcaf843b2f8cad9a83fc61:/source:ro,Z" "-v" "/mnt/big/crater/work/local/cargo-home:/cargo-home:ro,Z" "-v" "/mnt/big/crater/work/local/rustup-home:/rustup-home:ro,Z" "-e" "USER_ID=1000" "-e" "SOURCE_DIR=/source" "-e" "USER_ID=1000" "-e" "CMD=cargo +8940af3cea4a9a9deabcaf843b2f8cad9a83fc61-alt build --frozen" "-e" "CARGO_TARGET_DIR=/target" "-e" "CARGO_INCREMENTAL=0" "-e" "RUST_BACKTRACE=full" "-e" "RUSTFLAGS=--cap-lints=warn" "-e" "CARGO_HOME=/cargo-home" "-e" "RUSTUP_HOME=/rustup-home" "-m" "1536M" "--network" "none" "crater"`
Nov 30 20:31:38.074 INFO [stdout] 208ad3297adb22982e654be68e72bc8c2ee8a5abb154085e579e67f4ceac792a
Nov 30 20:31:38.077 INFO running `"docker" "start" "-a" "208ad3297adb22982e654be68e72bc8c2ee8a5abb154085e579e67f4ceac792a"`
Nov 30 20:31:38.973 INFO [stderr] usermod: no changes
Nov 30 20:31:39.010 INFO [stderr]    Compiling winapi v0.3.6
Nov 30 20:31:40.557 INFO [stderr]    Compiling pause_process v0.1.0 (/source)
Nov 30 20:31:40.654 INFO [stderr] error[E0433]: failed to resolve: could not find `windows` in `os`
Nov 30 20:31:40.654 INFO [stderr]  --> src/main.rs:5:14
Nov 30 20:31:40.654 INFO [stderr]   |
Nov 30 20:31:40.654 INFO [stderr] 5 | use std::os::windows::ffi::OsStringExt;
Nov 30 20:31:40.654 INFO [stderr]   |              ^^^^^^^ could not find `windows` in `os`
Nov 30 20:31:40.654 INFO [stderr] 
Nov 30 20:31:40.654 INFO [stderr] error[E0433]: failed to resolve: could not find `shared` in `winapi`
Nov 30 20:31:40.654 INFO [stderr]  --> src/main.rs:8:13
Nov 30 20:31:40.654 INFO [stderr]   |
Nov 30 20:31:40.654 INFO [stderr] 8 | use winapi::shared::windef::HWND;
Nov 30 20:31:40.654 INFO [stderr]   |             ^^^^^^ could not find `shared` in `winapi`
Nov 30 20:31:40.654 INFO [stderr] 
Nov 30 20:31:40.654 INFO [stderr] error[E0433]: failed to resolve: could not find `shared` in `winapi`
Nov 30 20:31:40.654 INFO [stderr]  --> src/main.rs:9:13
Nov 30 20:31:40.654 INFO [stderr]   |
Nov 30 20:31:40.654 INFO [stderr] 9 | use winapi::shared::windef::POINT;
Nov 30 20:31:40.654 INFO [stderr]   |             ^^^^^^ could not find `shared` in `winapi`
Nov 30 20:31:40.654 INFO [stderr] 
Nov 30 20:31:40.654 INFO [stderr] error[E0433]: failed to resolve: could not find `shared` in `winapi`
Nov 30 20:31:40.655 INFO [stderr]   --> src/main.rs:10:13
Nov 30 20:31:40.655 INFO [stderr]    |
Nov 30 20:31:40.655 INFO [stderr] 10 | use winapi::shared::minwindef::UINT;
Nov 30 20:31:40.655 INFO [stderr]    |             ^^^^^^ could not find `shared` in `winapi`
Nov 30 20:31:40.655 INFO [stderr] 
Nov 30 20:31:40.655 INFO [stderr] error[E0433]: failed to resolve: could not find `shared` in `winapi`
Nov 30 20:31:40.655 INFO [stderr]   --> src/main.rs:11:13
Nov 30 20:31:40.655 INFO [stderr]    |
Nov 30 20:31:40.655 INFO [stderr] 11 | use winapi::shared::minwindef::DWORD;
Nov 30 20:31:40.655 INFO [stderr]    |             ^^^^^^ could not find `shared` in `winapi`
Nov 30 20:31:40.655 INFO [stderr] 
Nov 30 20:31:40.655 INFO [stderr] error[E0433]: failed to resolve: could not find `shared` in `winapi`
Nov 30 20:31:40.655 INFO [stderr]   --> src/main.rs:12:13
Nov 30 20:31:40.655 INFO [stderr]    |
Nov 30 20:31:40.655 INFO [stderr] 12 | use winapi::shared::minwindef::WPARAM;
Nov 30 20:31:40.655 INFO [stderr]    |             ^^^^^^ could not find `shared` in `winapi`
Nov 30 20:31:40.655 INFO [stderr] 
Nov 30 20:31:40.655 INFO [stderr] error[E0433]: failed to resolve: could not find `shared` in `winapi`
Nov 30 20:31:40.655 INFO [stderr]   --> src/main.rs:13:13
Nov 30 20:31:40.655 INFO [stderr]    |
Nov 30 20:31:40.655 INFO [stderr] 13 | use winapi::shared::minwindef::LPARAM;
Nov 30 20:31:40.655 INFO [stderr]    |             ^^^^^^ could not find `shared` in `winapi`
Nov 30 20:31:40.655 INFO [stderr] 
Nov 30 20:31:40.655 INFO [stderr] error[E0432]: unresolved import `winapi::um`
Nov 30 20:31:40.655 INFO [stderr]  --> src/main.rs:7:13
Nov 30 20:31:40.655 INFO [stderr]   |
Nov 30 20:31:40.655 INFO [stderr] 7 | use winapi::um::errhandlingapi;
Nov 30 20:31:40.655 INFO [stderr]   |             ^^ could not find `um` in `winapi`
Nov 30 20:31:40.655 INFO [stderr] 
Nov 30 20:31:40.655 INFO [stderr] error[E0433]: failed to resolve: could not find `um` in `winapi`
Nov 30 20:31:40.655 INFO [stderr]   --> src/main.rs:14:13
Nov 30 20:31:40.655 INFO [stderr]    |
Nov 30 20:31:40.655 INFO [stderr] 14 | use winapi::um::winuser::{self, MSG};
Nov 30 20:31:40.655 INFO [stderr]    |             ^^ could not find `um` in `winapi`
Nov 30 20:31:40.655 INFO [stderr] 
Nov 30 20:31:40.655 INFO [stderr] error[E0432]: unresolved import `winapi::um`
Nov 30 20:31:40.655 INFO [stderr]   --> src/main.rs:14:13
Nov 30 20:31:40.655 INFO [stderr]    |
Nov 30 20:31:40.655 INFO [stderr] 14 | use winapi::um::winuser::{self, MSG};
Nov 30 20:31:40.655 INFO [stderr]    |             ^^ could not find `um` in `winapi`
Nov 30 20:31:40.655 INFO [stderr] 
Nov 30 20:31:40.655 INFO [stderr] error[E0432]: unresolved import `winapi::um`
Nov 30 20:31:40.655 INFO [stderr]   --> src/main.rs:15:13
Nov 30 20:31:40.655 INFO [stderr]    |
Nov 30 20:31:40.655 INFO [stderr] 15 | use winapi::um::tlhelp32;
Nov 30 20:31:40.655 INFO [stderr]    |             ^^ could not find `um` in `winapi`
Nov 30 20:31:40.655 INFO [stderr] 
Nov 30 20:31:40.655 INFO [stderr] error[E0432]: unresolved import `winapi::um`
Nov 30 20:31:40.655 INFO [stderr]   --> src/main.rs:16:13
Nov 30 20:31:40.655 INFO [stderr]    |
Nov 30 20:31:40.655 INFO [stderr] 16 | use winapi::um::processthreadsapi;
Nov 30 20:31:40.655 INFO [stderr]    |             ^^ could not find `um` in `winapi`
Nov 30 20:31:40.655 INFO [stderr] 
Nov 30 20:31:40.655 INFO [stderr] error[E0432]: unresolved import `winapi::um`
Nov 30 20:31:40.655 INFO [stderr]   --> src/main.rs:17:13
Nov 30 20:31:40.655 INFO [stderr]    |
Nov 30 20:31:40.655 INFO [stderr] 17 | use winapi::um::handleapi;
Nov 30 20:31:40.655 INFO [stderr]    |             ^^ could not find `um` in `winapi`
Nov 30 20:31:40.655 INFO [stderr] 
Nov 30 20:31:40.655 INFO [stderr] error[E0432]: unresolved import `winapi::um`
Nov 30 20:31:40.655 INFO [stderr]   --> src/main.rs:18:13
Nov 30 20:31:40.655 INFO [stderr]    |
Nov 30 20:31:40.655 INFO [stderr] 18 | use winapi::um::winnt;
Nov 30 20:31:40.655 INFO [stderr]    |             ^^ could not find `um` in `winapi`
Nov 30 20:31:40.655 INFO [stderr] 
Nov 30 20:31:40.655 INFO [stderr] error[E0433]: failed to resolve: could not find `shared` in `winapi`
Nov 30 20:31:40.655 INFO [stderr]   --> src/main.rs:20:26
Nov 30 20:31:40.655 INFO [stderr]    |
Nov 30 20:31:40.655 INFO [stderr] 20 | type ProcessID = winapi::shared::minwindef::DWORD;
Nov 30 20:31:40.655 INFO [stderr]    |                          ^^^^^^ could not find `shared` in `winapi`
Nov 30 20:31:40.655 INFO [stderr] 
Nov 30 20:31:40.655 INFO [stderr] error[E0433]: failed to resolve: could not find `shared` in `winapi`
Nov 30 20:31:40.655 INFO [stderr]   --> src/main.rs:21:25
Nov 30 20:31:40.655 INFO [stderr]    |
Nov 30 20:31:40.655 INFO [stderr] 21 | type ThreadID = winapi::shared::minwindef::DWORD;
Nov 30 20:31:40.655 INFO [stderr]    |                         ^^^^^^ could not find `shared` in `winapi`
Nov 30 20:31:40.655 INFO [stderr] 
Nov 30 20:31:40.655 INFO [stderr] error[E0433]: failed to resolve: use of undeclared type or module `OsStringExt`
Nov 30 20:31:40.655 INFO [stderr]   --> src/main.rs:26:24
Nov 30 20:31:40.655 INFO [stderr]    |
Nov 30 20:31:40.655 INFO [stderr] 26 |     let s2: OsString = OsStringExt::from_wide(&s[..pos]);
Nov 30 20:31:40.655 INFO [stderr]    |                        ^^^^^^^^^^^ use of undeclared type or module `OsStringExt`
Nov 30 20:31:40.656 INFO [stderr] 
Nov 30 20:31:40.703 INFO [stderr] error[E0412]: cannot find type `DWORD` in this scope
Nov 30 20:31:40.703 INFO [stderr]   --> src/main.rs:53:67
Nov 30 20:31:40.703 INFO [stderr]    |
Nov 30 20:31:40.703 INFO [stderr] 53 |         dwSize: std::mem::size_of::<tlhelp32::THREADENTRY32>() as DWORD,
Nov 30 20:31:40.703 INFO [stderr]    |                                                                   ^^^^^ not found in this scope
Nov 30 20:31:40.703 INFO [stderr] 
Nov 30 20:31:40.703 INFO [stderr] error[E0412]: cannot find type `HWND` in this scope
Nov 30 20:31:40.703 INFO [stderr]   --> src/main.rs:81:20
Nov 30 20:31:40.703 INFO [stderr]    |
Nov 30 20:31:40.703 INFO [stderr] 81 |     window_handle: HWND,
Nov 30 20:31:40.703 INFO [stderr]    |                    ^^^^ not found in this scope
Nov 30 20:31:40.703 INFO [stderr] 
Nov 30 20:31:40.703 INFO [stderr] error[E0412]: cannot find type `HWND` in this scope
Nov 30 20:31:40.703 INFO [stderr]   --> src/main.rs:85:55
Nov 30 20:31:40.703 INFO [stderr]    |
Nov 30 20:31:40.703 INFO [stderr] 85 |     fn get_focused_process(window_handle: Option<&mut HWND>) -> Result<Self, ()> {
Nov 30 20:31:40.703 INFO [stderr]    |                                                       ^^^^ not found in this scope
Nov 30 20:31:40.703 INFO [stderr] 
Nov 30 20:31:40.703 INFO [stderr] error[E0412]: cannot find type `DWORD` in this scope
Nov 30 20:31:40.703 INFO [stderr]    --> src/main.rs:130:67
Nov 30 20:31:40.703 INFO [stderr]     |
Nov 30 20:31:40.703 INFO [stderr] 130 |         dwSize: std::mem::size_of::<tlhelp32::THREADENTRY32>() as DWORD,
Nov 30 20:31:40.703 INFO [stderr]     |                                                                   ^^^^^ not found in this scope
Nov 30 20:31:40.703 INFO [stderr] 
Nov 30 20:31:40.703 INFO [stderr] error[E0412]: cannot find type `DWORD` in this scope
Nov 30 20:31:40.703 INFO [stderr]    --> src/main.rs:146:76
Nov 30 20:31:40.703 INFO [stderr]     |
Nov 30 20:31:40.703 INFO [stderr] 146 |             if processthreadsapi::SuspendThread(thread_handle) == -1i32 as DWORD {
Nov 30 20:31:40.703 INFO [stderr]     |                                                                            ^^^^^ not found in this scope
Nov 30 20:31:40.703 INFO [stderr] 
Nov 30 20:31:40.704 INFO [stderr] error[E0412]: cannot find type `DWORD` in this scope
Nov 30 20:31:40.704 INFO [stderr]    --> src/main.rs:167:67
Nov 30 20:31:40.704 INFO [stderr]     |
Nov 30 20:31:40.704 INFO [stderr] 167 |         dwSize: std::mem::size_of::<tlhelp32::THREADENTRY32>() as DWORD,
Nov 30 20:31:40.704 INFO [stderr]     |                                                                   ^^^^^ not found in this scope
Nov 30 20:31:40.704 INFO [stderr] 
Nov 30 20:31:40.704 INFO [stderr] error[E0412]: cannot find type `DWORD` in this scope
Nov 30 20:31:40.704 INFO [stderr]    --> src/main.rs:183:79
Nov 30 20:31:40.704 INFO [stderr]     |
Nov 30 20:31:40.704 INFO [stderr] 183 |                 if processthreadsapi::ResumeThread(thread_handle) == -1i32 as DWORD {
Nov 30 20:31:40.704 INFO [stderr]     |                                                                               ^^^^^ not found in this scope
Nov 30 20:31:40.704 INFO [stderr] 
Nov 30 20:31:40.704 INFO [stderr] error[E0412]: cannot find type `HWND` in this scope
Nov 30 20:31:40.704 INFO [stderr]    --> src/main.rs:213:28
Nov 30 20:31:40.704 INFO [stderr]     |
Nov 30 20:31:40.704 INFO [stderr] 213 |             let mut hwnd : HWND = std::ptr::null_mut();
Nov 30 20:31:40.704 INFO [stderr]     |                            ^^^^ not found in this scope
Nov 30 20:31:40.705 INFO [stderr] 
Nov 30 20:31:40.705 INFO [stderr] error[E0422]: cannot find struct, variant or union type `MSG` in this scope
Nov 30 20:31:40.705 INFO [stderr]    --> src/main.rs:254:27
Nov 30 20:31:40.705 INFO [stderr]     |
Nov 30 20:31:40.705 INFO [stderr] 254 |             let mut msg = MSG {
Nov 30 20:31:40.705 INFO [stderr]     |                           ^^^ not found in this scope
Nov 30 20:31:40.705 INFO [stderr] 
Nov 30 20:31:40.705 INFO [stderr] error[E0412]: cannot find type `HWND` in this scope
Nov 30 20:31:40.705 INFO [stderr]    --> src/main.rs:255:29
Nov 30 20:31:40.705 INFO [stderr]     |
Nov 30 20:31:40.705 INFO [stderr] 255 |                 hwnd : 0 as HWND,
Nov 30 20:31:40.705 INFO [stderr]     |                             ^^^^ not found in this scope
Nov 30 20:31:40.705 INFO [stderr] 
Nov 30 20:31:40.705 INFO [stderr] error[E0412]: cannot find type `UINT` in this scope
Nov 30 20:31:40.705 INFO [stderr]    --> src/main.rs:256:32
Nov 30 20:31:40.705 INFO [stderr]     |
Nov 30 20:31:40.705 INFO [stderr] 256 |                 message : 0 as UINT,
Nov 30 20:31:40.705 INFO [stderr]     |                                ^^^^ not found in this scope
Nov 30 20:31:40.705 INFO [stderr] 
Nov 30 20:31:40.705 INFO [stderr] error[E0412]: cannot find type `WPARAM` in this scope
Nov 30 20:31:40.705 INFO [stderr]    --> src/main.rs:257:31
Nov 30 20:31:40.705 INFO [stderr]     |
Nov 30 20:31:40.705 INFO [stderr] 257 |                 wParam : 0 as WPARAM,
Nov 30 20:31:40.705 INFO [stderr]     |                               ^^^^^^ not found in this scope
Nov 30 20:31:40.705 INFO [stderr] 
Nov 30 20:31:40.705 INFO [stderr] error[E0412]: cannot find type `LPARAM` in this scope
Nov 30 20:31:40.705 INFO [stderr]    --> src/main.rs:258:31
Nov 30 20:31:40.705 INFO [stderr]     |
Nov 30 20:31:40.705 INFO [stderr] 258 |                 lParam : 0 as LPARAM,
Nov 30 20:31:40.705 INFO [stderr]     |                               ^^^^^^ not found in this scope
Nov 30 20:31:40.705 INFO [stderr] 
Nov 30 20:31:40.705 INFO [stderr] error[E0412]: cannot find type `DWORD` in this scope
Nov 30 20:31:40.705 INFO [stderr]    --> src/main.rs:259:29
Nov 30 20:31:40.705 INFO [stderr]     |
Nov 30 20:31:40.705 INFO [stderr] 259 |                 time : 0 as DWORD,
Nov 30 20:31:40.705 INFO [stderr]     |                             ^^^^^ not found in this scope
Nov 30 20:31:40.705 INFO [stderr] 
Nov 30 20:31:40.705 INFO [stderr] error[E0422]: cannot find struct, variant or union type `POINT` in this scope
Nov 30 20:31:40.705 INFO [stderr]    --> src/main.rs:260:22
Nov 30 20:31:40.705 INFO [stderr]     |
Nov 30 20:31:40.705 INFO [stderr] 260 |                 pt : POINT { x: 0, y: 0, },
Nov 30 20:31:40.705 INFO [stderr]     |                      ^^^^^ not found in this scope
Nov 30 20:31:40.705 INFO [stderr] 
Nov 30 20:31:40.705 INFO [stderr] error[E0412]: cannot find type `HWND` in this scope
Nov 30 20:31:40.705 INFO [stderr]    --> src/main.rs:263:62
Nov 30 20:31:40.705 INFO [stderr]     |
Nov 30 20:31:40.705 INFO [stderr] 263 |                 let pm = winuser::GetMessageW(&mut msg, 0 as HWND, 0, 0);
Nov 30 20:31:40.705 INFO [stderr]     |                                                              ^^^^ not found in this scope
Nov 30 20:31:40.705 INFO [stderr] 
Nov 30 20:31:40.707 INFO [stderr] warning: unused import: `std::os::windows::ffi::OsStringExt`
Nov 30 20:31:40.707 INFO [stderr]  --> src/main.rs:5:5
Nov 30 20:31:40.707 INFO [stderr]   |
Nov 30 20:31:40.707 INFO [stderr] 5 | use std::os::windows::ffi::OsStringExt;
Nov 30 20:31:40.707 INFO [stderr]   |     ^^^^^^^^^^^^^^^^^^^^^^^^^^^^^^^^^^
Nov 30 20:31:40.707 INFO [stderr]   |
Nov 30 20:31:40.707 INFO [stderr]   = note: #[warn(unused_imports)] on by default
Nov 30 20:31:40.707 INFO [stderr] 
Nov 30 20:31:40.707 INFO [stderr] warning: unused import: `winapi::shared::windef::HWND`
Nov 30 20:31:40.707 INFO [stderr]  --> src/main.rs:8:5
Nov 30 20:31:40.707 INFO [stderr]   |
Nov 30 20:31:40.707 INFO [stderr] 8 | use winapi::shared::windef::HWND;
Nov 30 20:31:40.707 INFO [stderr]   |     ^^^^^^^^^^^^^^^^^^^^^^^^^^^^
Nov 30 20:31:40.707 INFO [stderr] 
Nov 30 20:31:40.707 INFO [stderr] warning: unused import: `winapi::shared::windef::POINT`
Nov 30 20:31:40.707 INFO [stderr]  --> src/main.rs:9:5
Nov 30 20:31:40.707 INFO [stderr]   |
Nov 30 20:31:40.707 INFO [stderr] 9 | use winapi::shared::windef::POINT;
Nov 30 20:31:40.707 INFO [stderr]   |     ^^^^^^^^^^^^^^^^^^^^^^^^^^^^^
Nov 30 20:31:40.707 INFO [stderr] 
Nov 30 20:31:40.707 INFO [stderr] warning: unused import: `winapi::shared::minwindef::UINT`
Nov 30 20:31:40.707 INFO [stderr]   --> src/main.rs:10:5
Nov 30 20:31:40.707 INFO [stderr]    |
Nov 30 20:31:40.707 INFO [stderr] 10 | use winapi::shared::minwindef::UINT;
Nov 30 20:31:40.707 INFO [stderr]    |     ^^^^^^^^^^^^^^^^^^^^^^^^^^^^^^^
Nov 30 20:31:40.707 INFO [stderr] 
Nov 30 20:31:40.707 INFO [stderr] warning: unused import: `winapi::shared::minwindef::DWORD`
Nov 30 20:31:40.707 INFO [stderr]   --> src/main.rs:11:5
Nov 30 20:31:40.707 INFO [stderr]    |
Nov 30 20:31:40.707 INFO [stderr] 11 | use winapi::shared::minwindef::DWORD;
Nov 30 20:31:40.707 INFO [stderr]    |     ^^^^^^^^^^^^^^^^^^^^^^^^^^^^^^^^
Nov 30 20:31:40.707 INFO [stderr] 
Nov 30 20:31:40.711 INFO [stderr] warning: unused import: `winapi::shared::minwindef::WPARAM`
Nov 30 20:31:40.711 INFO [stderr]   --> src/main.rs:12:5
Nov 30 20:31:40.711 INFO [stderr]    |
Nov 30 20:31:40.711 INFO [stderr] 12 | use winapi::shared::minwindef::WPARAM;
Nov 30 20:31:40.711 INFO [stderr]    |     ^^^^^^^^^^^^^^^^^^^^^^^^^^^^^^^^^
Nov 30 20:31:40.711 INFO [stderr] 
Nov 30 20:31:40.711 INFO [stderr] warning: unused import: `winapi::shared::minwindef::LPARAM`
Nov 30 20:31:40.711 INFO [stderr]   --> src/main.rs:13:5
Nov 30 20:31:40.711 INFO [stderr]    |
Nov 30 20:31:40.711 INFO [stderr] 13 | use winapi::shared::minwindef::LPARAM;
Nov 30 20:31:40.711 INFO [stderr]    |     ^^^^^^^^^^^^^^^^^^^^^^^^^^^^^^^^^
Nov 30 20:31:40.711 INFO [stderr] 
Nov 30 20:31:40.711 INFO [stderr] warning: unused import: `MSG`
Nov 30 20:31:40.711 INFO [stderr]   --> src/main.rs:14:33
Nov 30 20:31:40.711 INFO [stderr]    |
Nov 30 20:31:40.711 INFO [stderr] 14 | use winapi::um::winuser::{self, MSG};
Nov 30 20:31:40.711 INFO [stderr]    |                                 ^^^
Nov 30 20:31:40.711 INFO [stderr] 
Nov 30 20:31:40.769 INFO [stderr] error: aborting due to 33 previous errors
Nov 30 20:31:40.769 INFO [stderr] 
Nov 30 20:31:40.769 INFO [stderr] Some errors occurred: E0412, E0422, E0432, E0433.
Nov 30 20:31:40.769 INFO [stderr] For more information about an error, try `rustc --explain E0412`.
Nov 30 20:31:40.776 INFO [stderr] error: Could not compile `pause_process`.
Nov 30 20:31:40.776 INFO [stderr] 
Nov 30 20:31:40.776 INFO [stderr] To learn more, run the command again with --verbose.
Nov 30 20:31:40.778 INFO [stderr] su: No module specific data is present
Nov 30 20:31:41.044 INFO running `"docker" "inspect" "208ad3297adb22982e654be68e72bc8c2ee8a5abb154085e579e67f4ceac792a"`
Nov 30 20:31:41.148 INFO running `"docker" "rm" "-f" "208ad3297adb22982e654be68e72bc8c2ee8a5abb154085e579e67f4ceac792a"`
Nov 30 20:31:41.302 INFO [stdout] 208ad3297adb22982e654be68e72bc8c2ee8a5abb154085e579e67f4ceac792a
